at is c8638 + -1?
c8637
In base 12, what is -6b + -2?
-71
In base 15, what is 1e3a1a + -3?
1e3a17
In base 2, what is -1011101011110 - -1001?
-1011101010101
In base 7, what is -15410 - 422?
-16132
In base 3, what is -200 - 102002111?
-102010011
In base 3, what is -102 - -212102102?
212102000
In base 5, what is 10 - -114304044?
114304104
In base 15, what is 48 + -8?
40
In base 4, what is -31313 - -120?
-31133
In base 6, what is 40234552 - -5?
40235001
In base 10, what is 468070 + -3?
468067
In base 10, what is -53891 + -4?
-53895
In base 12, what is -131 + 6b?
-82
In base 12, what is -47 + -4655?
-46a0
In base 8, what is -2 - -50357?
50355
In base 7, what is 1050 - -36?
1116
In base 5, what is 33300414 - 10?
33300404
In base 16, what is 4c7 - 12?
4b5
In base 12, what is -8450b4 + -5?
-8450b9
In base 8, what is 22073 - 0?
22073
In base 10, what is -2 + 44078?
44076
In base 9, what is -4588 + 212?
-4376
In base 15, what is 2 - 1305ac?
-1305aa
In base 7, what is 120664 + -3?
120661
In base 8, what is 633477 - -5?
633504
In base 10, what is 741270 + -4?
741266
In base 11, what is -38 + 23a4?
2367
In base 3, what is -1022210 + -212?
-1100122
In base 13, what is -28945 - -3?
-28942
In base 2, what is -110 + -11110000110011001?
-11110000110011111
In base 2, what is 1010000101 + 11?
1010001000
In base 16, what is -3bf0 - 43?
-3c33
In base 4, what is 11 - -101010233?
101010310
In base 11, what is -287a4 + -77?
-28870
In base 6, what is -12 - -303?
251
In base 5, what is 1 + -102442331?
-102442330
In base 8, what is -5 + 377145?
377140
In base 9, what is 582468 + 1?
582470
In base 3, what is 100 + 1011201002?
1011201102
In base 4, what is 1013 + 10200100?
10201113
In base 7, what is 5 + -110415?
-110410
In base 2, what is 10111 + -1001110011111?
-1001110001000
In base 5, what is -42023134 - 2?
-42023141
In base 16, what is -9 + 7b?
72
In base 7, what is -35 + -5132?
-5200
In base 11, what is 4 - -37823?
37827
In base 14, what is -4742 + 4?
-473c
In base 8, what is -11502 + -17?
-11521
In base 8, what is -52 + -31433?
-31505
In base 9, what is -13156 + -56?
-13223
In base 16, what is -67 + 11?
-56
In base 7, what is 0 - 1626240?
-1626240
In base 11, what is -415a - 6?
-4165
In base 15, what is 1b91d1 + 0?
1b91d1
In base 9, what is -5318 + 114?
-5204
In base 7, what is 1436 - 5504?
-4035
In base 15, what is 11 + -b6c5?
-b6b4
In base 13, what is -786a - 0?
-786a
In base 12, what is -4 + -9a25?
-9a29
In base 5, what is 1414 - 140012?
-133043
In base 7, what is 4 - 453006?
-453002
In base 13, what is -17041 - -2?
-1703c
In base 11, what is -15a384 - 3?
-15a387
In base 14, what is 2 - b233?
-b231
In base 12, what is 0 - 206a0?
-206a0
In base 6, what is 153302 - 10?
153252
In base 10, what is -3 + -168349?
-168352
In base 13, what is -2464 - c?
-2473
In base 5, what is -1041332 + 134?
-1041143
In base 7, what is 4 + 2666045?
2666052
In base 14, what is -9 + -2bd3?
-2bdc
In base 7, what is -24 - -164600?
164543
In base 16, what is 4 + -7c19?
-7c15
In base 7, what is -42025354 - -5?
-42025346
In base 15, what is -ea22 - -1?
-ea21
In base 16, what is 6 + 282?
288
In base 6, what is -15435533 + 5?
-15435524
In base 13, what is -a418 - 4?
-a41c
In base 10, what is 187 - 1203?
-1016
In base 3, what is -2101210 + -110?
-2102020
In base 16, what is f - 1375?
-1366
In base 5, what is 11 + -334042?
-334031
In base 14, what is 6991a + 6?
69922
In base 4, what is -20112322 - -1122?
-20111200
In base 14, what is -179 - 18b?
-326
In base 2, what is 10101110 - -10000001?
100101111
In base 14, what is -3cca8 + 4?
-3cca4
In base 13, what is 13b8 - -17?
1402
In base 8, what is 16 - -11535?
11553
In base 8, what is 43627 + -1?
43626
In base 12, what is 8 + 1b63?
1b6b
In base 16, what is 13bb + -fe?
12bd
In base 5, what is -10212 + -3111?
-13323
In base 5, what is 3302 - -3013?
11320
In base 5, what is 12442 + -41012?
-23020
In base 16, what is 342 + 28?
36a
In base 2, what is 1 - 1001101000111101?
-1001101000111100
In base 8, what is 50412 + 1?
50413
In base 3, what is -1100012102210 - 0?
-1100012102210
In base 11, what is -26977 + -57?
-26a23
In base 13, what is 3 + -234712?
-23470c
In base 9, what is 115258 + -3?
115255
In base 14, what is 76 - 3613?
-357b
In base 8, what is -1353 - 51?
-1424
In base 7, what is -605 - -162?
-413
In base 5, what is -314 + 11310?
10441
In base 3, what is -1021210121 - 1111?
-1021212002
In base 12, what is -13994 - 5?
-13999
In base 14, what is b77 - -a7?
c40
In base 5, what is 2023 + 424?
3002
In base 10, what is -25338 - 16?
-25354
In base 6, what is 4 - 23215?
-23211
In base 16, what is -5423 - -4?
-541f
In base 12, what is -685 - 2a0?
-965
In base 6, what is 34012 + 1?
34013
In base 14, what is -163 - 4dba?
-513d
In base 4, what is 303 + -11001?
-10032
In base 12, what is 2085 + -16?
206b
In base 11, what is -5 + 5009?
5004
In base 10, what is -4509 + -33?
-4542
In base 16, what is -3e14 - 3e?
-3e52
In base 14, what is -51963 + 5?
-5195c
In base 6, what is 141 + 13252?
13433
In base 3, what is 1112022 - 120002?
222020
In base 10, what is -3 + 5596?
5593
In base 6, what is -5 + 10342030?
10342021
In base 11, what is 228 - -77?
2a4
In base 13, what is -2 + -2c435?
-2c437
In base 3, what is 12 - -10000012111?
10000012200
In base 7, what is 326265 - 5?
326260
In base 14, what is -6cd + -2?
-6d1
In base 12, what is 1519 - 1b?
14ba
In base 6, what is 24 - -21112?
21140
In base 7, what is -16 - -5304?
5255
In base 9, what is -8184626 + -4?
-8184631
In base 8, what is 405061 + 31?
405112
In base 8, what is 2160 - 640?
1320
In base 9, what is 4 - -2147?
2152
In base 6, what is -3012 - -1?
-3011
In base 2, what is 100000100101111010 - 100?
100000100101110110
In base 11, what is 3a1 + -55?
347
In base 16, what is -2 - 271?
-273
In base 9, what is 3 - 2205?
-2202
In base 6, what is 3 - 23334441?
-23334434
In base 2, what is 1111100 - 11011010111111?
-11011001000011
In base 4, what is 2022032 + 11?
2022103
In base 5, what is -22323 - -2?
-22321
In base 8, what is -4 + 64330?
64324
In base 5, what is 3231323 - 201?
3231122
In base 3, what is -11 - -110112002121?
110112002110
In base 6, what is 34354 + 150?
34544
In base 15, what is -8 - a2a?
-a33
In base 9, what is 23661 + 26?
23687
In base 2, what is -11 - 11010111000010010?
-11010111000010101
In base 12, what is -233688 - -5?
-233683
In base 10, what is 2 - -6807?
6809
In base 8, what is -1112076 + -2?
-1112100
In base 11, what is 2 + -1a93?
-1a91
In base 15, what is -d6b08 + 1?
-d6b07
In base 7, what is -25542 + -3?
-25545
In base 8, what is 100074 - 0?
100074
In base 13, what is 2 - -352c4?
352c6
In base 10, what is -1054 - 679?
-1733
In base 5, what is 12334 + 40?
12424
In base 9, what is 5656 + -8?
5647
In base 11, what is 2 - 18767?
-18765
In base 2, what is 110 + 110110011101010?
110110011110000
In base 9, what is -1332 + -2757?
-4200
In base 15, what is 2633 - -1?
2634
In base 16, what is 1ed - 5e1?
-3f4
In base 10, what is -3 - -54548?
54545
In base 11, what is -2a84 - -74?
-2a10
In base 7, what is -2220 - 335?
-2555
In base 10, what is 369 - 392?
-23
In base 3, what is 22210 + -102002?
-2022
In base 9, what is -42 - 1138?
-1181
In base 3, what is -200012221110 + 2?
-200012221101
In base 2, what is 11100 - -1000000000?
1000011100
In base 4, what is -21310 - 1011?
-22321
In base 2, what is 10110110000011000111 - 10?
10110110000011000101
In base 14, what is 2c7548 - 3?
2c7545
In base 10, what is 650 - -678?
1328
In base 13, what is -c348 - b?
-c356
In base 15, what is -5 + -bb?
-c1
In base 15, what is -362 + 32b?
-36
In base 15, what is d - a2?
-94
In base 7, what is -2663633 - -4?
-2663626
In base 16, what is -e1 - 13?
-f4
In base 5, what is -122144 - -10?
-122134
In base 12, what is 22a + -34?
1b6
In base 15, what is -212b79 - 1?
-212b7a
In base 3, what is 12201201200 + -100?
12201201100
In base 9, what is 173 + -207?
-24
In base 8, what is -64 + -3574?
-3660
In base 13, what is -81401 - 2?
-81403
In base 10, what is -1384 + 15?
-1369
In base 11, what is -5 - 12509?
-12513
In base 13, what is 30448 + -4?
30444
In base 11, what is 5 + 14812?
14817
In base 16, what is 6 - 1521?
-151b
In base 7, what is 200214 - -2?
200216
In base 7, what is 202431 - -1?
202432
In base 13, what is -4 - -15748?
15